prime factors of (20 - 245/14)/((-1)/(-20)).
2, 5
List the prime factors of 15/(-18) - (-5676)/72.
2, 3, 13
Suppose 3*d - 3 = 6. Suppose 4*v - 11 = -d. Suppose 54 = -v*n + 156. What are the prime factors of n?
3, 17
Let q be -2 + (-18)/(-1) - -1. Let y = 25 - q. Suppose 5*r - 4 + 25 = b, 0 = 4*r - y. List the prime factors of b.
31
Let x(g) = g**3 + 12*g**2 + 10*g - 19. Suppose -4*s + 36 + 16 = -4*d, -49 = 4*d - 3*s. List the prime factors of x(d).
3
Let w(z) = z - 2. Let q be w(2). Let n be (0 - q) + (63 - -4). Let s = n + -40. List the prime factors of s.
3
Let l(t) = -t**3 + 7*t**2 - 7*t + 7. Suppose -a + 5*p = 13 - 44, 4*p = -a - 14. Let d be l(a). What are the prime factors of 53/(-2 + 4 - d)?
53
Suppose -2*x - 6 + 2 = 0. List the prime factors of (-1 - 1 - -9) + x.
5
List the prime factors of (-14)/63*(5 + -3506).
2, 389
List the prime factors of ((-45)/2)/(105/(-7700)).
2, 3, 5, 11
Let x = -1518 - -2269. What are the prime factors of x?
751
Let l(t) be the second derivative of -5*t + 0 - 7/2*t**2 + 1/2*t**3. List the prime factors of l(8).
17
Suppose -n + 4 = p - 6, 3*p + n - 34 = 0. What are the prime factors of ((-31)/(-3))/(2/p)?
2, 31
Let z = 5 - 3. Suppose i + 1 = 0, 5 = z*p + 4*i + 3. Suppose -p*t - 5 = -c + 25, -c + 34 = -5*t. List the prime factors of c.
2, 3
Let n be 36/48 - 3/4. Suppose 3*z - 212 = -2*g, n*g + 3*g = -2*z + 313. What are the prime factors of g?
103
Let n(j) = 4*j - 8. Let t be n(13). Suppose -5*x + l = -10*x + 220, x - l = t. List the prime factors of x.
2, 11
Suppose -80*y + 4446 = -74*y. What are the prime factors of y?
3, 13, 19
Let c = -3 - -2. Let o = 3 + c. What are the prime factors of (o/4)/((-5)/(-300))?
2, 3, 5
Suppose -3*x + c - 47 = 16, 5*x + 105 = -c. Let i = x + 129. What are the prime factors of i?
2, 3
Let b(q) = 241*q + 59. Let o be b(13). Suppose -12*l - 348 = -o. List the prime factors of l.
3, 79
Let b = 7 - 11. Let m be -2*((11 + 1)/4 - 30). What are the prime factors of 6/b*(-2196)/m?
61
Let y(z) = -502*z - 343. List the prime factors of y(-7).
3, 7, 151
Suppose 4*y - 256 = -4*b, -b = 2*y + 3*b - 130. Suppose -5*t + 44 = 3*s, -32 = -5*s - 4*t + y. List the prime factors of s.
23
Let s = 24 + -22. Suppose 0 = s*k - 8 - 70. Suppose -12 = -4*p, c - p = -2*p + k. What are the prime factors of c?
2, 3
Let p = -1141 - -4082. List the prime factors of p.
17, 173
Suppose -71 = 5*i - 11. List the prime factors of (-15)/(-6)*i/(-10).
3
Suppose 4007 = m - 4*t, 2*m + 0*m - 2*t - 8044 = 0. List the prime factors of m.
4027
Suppose 3*i = 4*j - 109, -2*i = -2*j + 24 + 30. Let q = -22 + j. Suppose -4*b - 184 = -4*y, 2*y - q*b + 2*b = 90. List the prime factors of y.
47
Let s(m) = m**2 - 4. Let w be s(-3). Suppose -2*l - w*u + 210 = 3*l, 3*l + 4*u = 127. What are the prime factors of l?
41
Let v(b) = 11*b**2 - 4*b + 1. Let i be v(-2). List the prime factors of (-19)/57*i*-3.
53
Let u = -160 - -79. Let q = -41 - u. What are the prime factors of q?
2, 5
Suppose -3*k + 2*w = -2194, -1 = -3*w - 16. List the prime factors of 1*-3 - k/(-13).
53
Let h = -263 + 380. What are the prime factors of h?
3, 13
List the prime factors of (-7180)/6*522/(-435).
2, 359
Let r(h) = h**3 + 27*h**2 - 22*h + 13. List the prime factors of r(-16).
3181
Suppose -117 = -3*u + 99. Let a be (2 + 3)/(9/u). Let b = a + -4. What are the prime factors of b?
2, 3
Let h be 4*((-1)/(-4)*1 - -1). Suppose i - 31 = -h*v, 0*i + 4*i - 2*v - 124 = 0. List the prime factors of i.
31
Let a be (195/30)/(2/(-4)). Let i(t) = -t**3 - 13*t**2 - 3*t - 9. What are the prime factors of i(a)?
2, 3, 5
Let y = -25 - -29. Let q(f) = -2*f**2 + 4*f - 1. Let i be q(y). Let s = -11 - i. What are the prime factors of s?
2, 3
Let o be (-2)/1*(-1 + 0). Suppose -o*l - 19 = w, 0 = 3*l + 3*w - 4 + 31. Let s = l + 38. What are the prime factors of s?
2, 7
Let j = -21 - -65. Suppose 52 = 2*d - j. List the prime factors of d.
2, 3
Let n(z) = z**3 + 9*z**2 - 7*z - 10. Let x be n(-9). Suppose -w - 2*w + 212 = 4*c, c - 2*w - x = 0. What are the prime factors of c?
53
Suppose -5*s + 26 + 34 = 0. Let u be s/(-9)*(-57)/2. Suppose -5*d - u - 10 = -4*l, 3*l - 67 = -4*d. What are the prime factors of l?
17
Let r = -285 + 104. Let a = -111 - r. List the prime factors of a.
2, 5, 7
Let b = 21 + -18. Suppose b*v - 113 = -n - 4*n, -175 = -5*v + 5*n. What are the prime factors of v?
2, 3
Suppose -8*m + 15 = -3*m. Suppose 0 = p - 5*j - m - 47, -j - 62 = -p. List the prime factors of p.
5, 13
List the prime factors of (-10)/45*-1 - (-10950)/54.
7, 29
Let i be 6/(-12)*(3 + -3). Suppose i*x + x = 88. Suppose l + l - x = -2*p, -4*l - 229 = -5*p. What are the prime factors of p?
3, 5
Suppose 3*o + o + 5 = -5*f, -4*o - 3*f + 5 = 0. Suppose -o*g + 3*g + 54 = 0. What are the prime factors of g?
3
Let u be (6 + (1 - 0))*192/112. Suppose -16*f + u*f = -356. What are the prime factors of f?
89
Suppose -29*d = -103*d + 61642. List the prime factors of d.
7, 17
Let m(w) = -118*w + 113. What are the prime factors of m(-35)?
4243
Let g(m) = 2*m**3 + 3*m**2 + 4*m + 3. Let l be g(-2). List the prime factors of (2 - -1)/(l/(-153)).
3, 17
List the prime factors of (-26)/(6 + -1 + 1007/(-201)).
3, 13, 67
Let o(p) = 2*p - 2. Let c be o(3). Suppose -c = -4*m + 16. Suppose 3*t - m*a = 184, 4*t - 5*a = 371 - 129. List the prime factors of t.
2, 29
Let f be ((-26)/12 - (-4)/6)*-2. Suppose f*p = 4*k - 22 - 79, 2*p - 28 = -k. What are the prime factors of k?
2, 13
Suppose -2208 = -12*q + 9*q - a, -2*q = 3*a - 1465. What are the prime factors of q?
11, 67
Let t = 506 - 505. Let j(k) = 6*k**2 - 3*k + 3. Let n be j(3). Suppose 3*z - 144 = -3*m, m = -2*z + n + t. List the prime factors of m.
47
Let v(k) = 16*k**2 + 3*k - 16. What are the prime factors of v(3)?
137
Let w(n) = -123*n - 163. List the prime factors of w(-16).
5, 19
Let x be ((-3)/(-2))/((-7)/(-98)). Let p be (-66)/(-2)*14/x. Suppose 0 = 4*c - 2 - p. What are the prime factors of c?
2, 3
Suppose 0*b + 10 = 5*b. Suppose 0*h - b*l - 37 = h, 5*h - 3*l = -159. What are the prime factors of (-1)/((15/h)/5)?
11
Suppose 8756 = 4*n + 4*m, 0 = -5*n - 3*m + 15264 - 4319. List the prime factors of n.
11, 199
Let g = -274 - -724. What are the prime factors of g?
2, 3, 5
Let g = 694 + -26. List the prime factors of g.
2, 167
Suppose 4*c = -3*p + 1812 + 883, 10 = -5*c. What are the prime factors of p?
17, 53
Let x = 519 + 3688. What are the prime factors of x?
7, 601
Let q(g) = 2*g**2 + 14*g - 12. What are the prime factors of q(-28)?
2, 3, 97
Suppose 4*d + 3*o - o = 16, 5*d - 20 = 3*o. Suppose 3*t = -d*t + 728. List the prime factors of t.
2, 13
Suppose q + n = 7, -4*q = -3*n + 8*n - 31. Suppose g = -h + 3, g + h = -q*g - 1. Let j = g + 13. List the prime factors of j.
2, 3
Let s = 2874 - 1463. What are the prime factors of s?
17, 83
Suppose -103*j = -111*j + 160. List the prime factors of j.
2, 5
Let c(r) = 489*r**2 + 16*r - 20. List the prime factors of c(2).
2, 3, 41
Let a be (-5)/(-2)*(-36)/(-15). Let j = 41 - a. What are the prime factors of j?
5, 7
Let v(i) = i**3 + 6*i**2 + 4*i + 2. Suppose 0*n + n = -3. List the prime factors of v(n).
17
Let o be (1*2)/((-138)/(-2829)). Suppose -34 = -4*v + 14. Let k = v + o. List the prime factors of k.
53
Suppose 0 = -5*o - 3*p + 940, -p - 168 - 12 = -o. Suppose -171 = -4*g + o. What are the prime factors of g?
89
Let j(m) = 32 + 2*m**2 - 5 + m + 0. List the prime factors of j(-8).
3, 7
Suppose 2935 = 5*k - 5*p, 4*k + 2*p = 7*p + 2345. List the prime factors of k.
2, 5, 59
Let m(i) be the first derivative of i**4/4 - 4*i**3 + 3*i**2/2 - 19*i + 31. What are the prime factors of m(12)?
17
Let v(c) = -c**3 + 10*c**2 - c - 13. Let q be v(7). Let t = 216 - q. Suppose 2*p + 5 = t. What are the prime factors of p?
2, 3, 7
Let t(a) = 10*a**2 + 7*a + 15. Let k(b) = -21*b**2 - 15*b - 31. Let s(x) = 3*k(x) + 7*t(x). List the prime factors of s(-3).
3, 7
Suppose 5 - 17 = 4*n. Let d(r) = -r + 3. List the prime factors of d(n).
2, 3
Let q(t) = 2*t**3 + 20*t**2 - 7*t + 21. Let y be q(-11). List the prime factors of 2*(1/1 - 2) - y.
2, 71
Let o be 4 + -6 + (-4)/(-1). Suppose k = -k - 6, 3*m = -o*k + 369. Suppose 4*u - m = -u. What are the prime factors of u?
5
Suppose -h + 4*f - 431 = -1106, 2*h + 2*f = 1380. What are the prime factors of